ded by 29?
19
What is the remainder when 67485 is divided by 592?
589
What is the remainder when 7078292 is divided by 79?
50
What is the remainder when 22329 is divided by 893?
4
What is the remainder when 1291926 is divided by 547?
459
Calculate the remainder when 2753170 is divided by 124.
122
What is the remainder when 2935529 is divided by 1214?
77
Calculate the remainder when 47817207 is divided by 15844.
15
Calculate the remainder when 413897754 is divided by 4459.
4456
What is the remainder when 152609 is divided by 93?
89
What is the remainder when 6753 is divided by 1063?
375
Calculate the remainder when 501551 is divided by 125364.
95
What is the remainder when 65494 is divided by 4365?
19
Calculate the remainder when 5040617 is divided by 260.
257
What is the remainder when 183023 is divided by 1811?
112
Calculate the remainder when 205259 is divided by 74.
57
Calculate the remainder when 93153896 is divided by 3404.
32
Calculate the remainder when 8842019 is divided by 1049.
1047
What is the remainder when 3261574 is divided by 35?
29
Calculate the remainder when 4964905 is divided by 496483.
75
What is the remainder when 109717 is divided by 2279?
325
Calculate the remainder when 22876685 is divided by 688.
685
What is the remainder when 1359944847 is divided by 29?
26
Calculate the remainder when 13381876 is divided by 196792.
20
What is the remainder when 1444966 is divided by 23305?
56
What is the remainder when 75375 is divided by 12416?
879
Calculate the remainder when 23968 is divided by 11943.
82
Calculate the remainder when 7691633 is divided by 60.
53
Calculate the remainder when 913758 is divided by 170.
8
What is the remainder when 264485 is divided by 887?
159
Calculate the remainder when 22538 is divided by 21685.
853
Calculate the remainder when 63491164 is divided by 28.
16
What is the remainder when 57037 is divided by 170?
87
What is the remainder when 7793434 is divided by 70?
54
Calculate the remainder when 5194381 is divided by 128.
13
Calculate the remainder when 45108 is divided by 13224.
5436
What is the remainder when 94133949 is divided by 94?
93
What is the remainder when 5599034 is divided by 2151?
2132
Calculate the remainder when 14561218 is divided by 7280609.
0
What is the remainder when 790168 is divided by 35900?
368
Calculate the remainder when 1670652 is divided by 2353.
22
Calculate the remainder when 2169577 is divided by 361588.
49
Calculate the remainder when 625629 is divided by 601.
589
What is the remainder when 611160 is divided by 1898?
4
What is the remainder when 13234010 is divided by 6141?
155
Calculate the remainder when 1723987 is divided by 16263.
109
Calculate the remainder when 379041 is divided by 7896.
33
Calculate the remainder when 121436 is divided by 1177.
205
Calculate the remainder when 1144106 is divided by 170.
6
Calculate the remainder when 19742386 is divided by 18.
4
Calculate the remainder when 106717 is divided by 10670.
17
What is the remainder when 27007655 is divided by 20?
15
Calculate the remainder when 32222439 is divided by 1081.
1072
Calculate the remainder when 9398862 is divided by 1879736.
182
What is the remainder when 2713496 is divided by 844?
36
What is the remainder when 610595 is divided by 40706?
5
Calculate the remainder when 87264 is divided by 728.
632
What is the remainder when 6332216 is divided by 2110738?
2
Calculate the remainder when 395020241 is divided by 346.
345
Calculate the remainder when 57372 is divided by 14340.
12
What is the remainder when 598223695 is divided by 592?
591
What is the remainder when 6074826 is divided by 8356?
14
What is the remainder when 3965228 is divided by 341?
80
Calculate the remainder when 656893 is divided by 119.
13
Calculate the remainder when 28071 is divided by 3.
0
Calculate the remainder when 10918300 is divided by 133.
64
Calculate the remainder when 22181361 is divided by 909.
852
What is the remainder when 58362 is divided by 725?
362
Calculate the remainder when 1156570 is divided by 790.
10
Calculate the remainder when 4279157 is divided by 1426379.
20
What is the remainder when 184938 is divided by 525?
138
What is the remainder when 2736488 is divided by 118?
68
What is the remainder when 112528 is divided by 271?
63
What is the remainder when 263733234 is divided by 361?
352
What is the remainder when 138831 is divided by 3914?
1841
Calculate the remainder when 1958152 is divided by 195810.
52
Calculate the remainder when 39097860 is divided by 1747.
0
What is the remainder when 25233 is divided by 11427?
2379
What is the remainder when 13615007 is divided by 1173?
1169
What is the remainder when 59641578 is divided by 184?
2
Calculate the remainder when 54614 is divided by 2251.
590
Calculate the remainder when 503644 is divided by 25182.
4
Calculate the remainder when 2767424 is divided by 65891.
2
Calculate the remainder when 486025 is divided by 16184.
505
Calculate the remainder when 2343284 is divided by 8910.
8864
What is the remainder when 38108 is divided by 5255?
1323
Calculate the remainder when 7505 is divided by 3735.
35
What is the remainder when 6012708 is divided by 6012698?
10
Calculate the remainder when 91774 is divided by 1803.
1624
What is the remainder when 233961584 is divided by 12?
8
What is the remainder when 519408 is divided by 86557?
66
What is the remainder when 408784 is divided by 9289?
68
Calculate the remainder when 2913356 is divided by 20.
16
Calculate the remainder when 92066 is divided by 1146.
386
Calculate the remainder when 42883581 is divided by 790.
11
Calculate the remainder when 35084 is divided by 1253.
0
Calculate the remainder when 49169 is divided by 2734.
2691
What is the remainder when 553632 is divided by 42?
30
What is the remainder when 1546500 is divided by 57277?
21
What is the remainder when 11351624 is divided by 22?
20
Calculate the remainder when 13957 is divided by 2248.
469
Calculate the remainder when 119803018 is divided by 33.
16
Calculate the remainder when 56681552 is divided by 520.
512
What is the remainder when 2267465 is divided by 3992?
9
Calculate the remainder when 1402296 is divided by 1777.
243
What is the remainder when 74703080 is divided by 161?
46
Calculate the remainder when 9951130 is divided by 738.
676
Calculate the remainder when 60997 is divided by 1746.
1633
Calculate the remainder when 84725 is divided by 78.
17
What is the remainder when 154730172 is divided by 2089?
31
What is the remainder when 382301 is divided by 1511?
18
Calculate the remainder when 522733 is divided by 104542.
23
What is the remainder when 208532 is divided by 11581?
74
What is the remainder when 114503410 is divided by 7296?
7282
What is the remainder when 296634 is divided by 1060?
894
Calculate the remainder when 67252832 is divided by 42.
38
Calculate the remainder when 104111491 is divided by 18.
13
What is the remainder when 15713311 is divided by 1322?
19
What is the remainder when 606205 is divided by 3409?
2812
Calculate the remainder when 716707 is divided by 3335.
3017
What is the remainder when 118680 is divided by 39542?
54
What is the remainder when 474281378 is divided by 99?
98
Calculate the remainder when 144549 is divided by 1902.
1899
Calculate the remainder when 7651683 is divided by 94.
83
Calculate the remainder when 695569 is divided by 347751.
67
Calculate the remainder when 40724 is divided by 13564.
32
What is the remainder when 977892297 is divided by 1854?
1851
Calculate the remainder when 713193 is divided by 713188.
5
Calculate the remainder when 62860660 is divided by 2236.
2228
What is the remainder when 7186229 is divided by 3592971?
287
Calculate the remainder when 25733481 is divided by 649.
631
Calculate the remainder when 15323868 is divided by 2378.
36
What is the remainder when 1209400 is divided by 175?
150
What is the remainder when 2952307 is divided by 492050?
7
What is the remainder when 40318354 is divided by 221?
219
What is the remainder when 322289205 is divided by 3299?
3297
What is the remainder when 627388 is divided by 287?
6
What is the remainder when 15267389 is divided by 28?
25
What is the remainder when 4592478 is divided by 254?
158
What is the remainder when 346477